e
Is 2124849499 a composite number?
True
Is 73974539 composite?
False
Is 2059661 a prime number?
True
Is 388813 a composite number?
False
Is 458033005 prime?
False
Is 9282503 composite?
False
Is 124278893 a prime number?
False
Is 1195801 a composite number?
False
Is 1269131 prime?
True
Is 54851497 a prime number?
True
Is 49133551 a composite number?
False
Is 23193091 composite?
True
Is 330101197 composite?
False
Is 2131369 composite?
True
Is 258149383 a composite number?
True
Is 68816999 a composite number?
False
Is 171232519 composite?
False
Is 604781 a prime number?
True
Is 50342003 a prime number?
False
Is 699511 prime?
True
Is 16237003 a composite number?
True
Is 2180677 prime?
True
Is 14996029 composite?
True
Is 2406161 a composite number?
False
Is 2965199 prime?
True
Is 232648786 a composite number?
True
Is 17276069 a prime number?
True
Is 63257693 a composite number?
True
Is 61167667 a prime number?
False
Is 9395453 a prime number?
True
Is 305151017 composite?
True
Is 44862035 a prime number?
False
Is 580414741 a prime number?
False
Is 4168939 a prime number?
True
Is 2996691 a prime number?
False
Is 1975223 a composite number?
False
Is 59791441 a composite number?
False
Is 6841742 a composite number?
True
Is 103797535 a composite number?
True
Is 25902313 composite?
False
Is 1158022 a composite number?
True
Is 18500081 prime?
True
Is 25224037 composite?
False
Is 8636893 a composite number?
False
Is 11438695 composite?
True
Is 3357643 a composite number?
True
Is 144679517 a composite number?
False
Is 16753723 a composite number?
True
Is 817457 a prime number?
True
Is 390587501 prime?
False
Is 401981 prime?
True
Is 7532103 a composite number?
True
Is 5688481 composite?
True
Is 3295883 composite?
False
Is 63770453 a prime number?
False
Is 12050711 prime?
False
Is 47178535 a prime number?
False
Is 39821 a prime number?
True
Is 168434807 composite?
False
Is 162583357 prime?
False
Is 7360579 prime?
True
Is 17406811 a prime number?
True
Is 18602783 a prime number?
True
Is 28406011 a composite number?
False
Is 173923151 composite?
True
Is 2481601 prime?
True
Is 1025889 composite?
True
Is 2270003 a composite number?
False
Is 5799881 prime?
False
Is 31110557 a composite number?
False
Is 2126167 a composite number?
False
Is 47737223 a composite number?
False
Is 5778041 a prime number?
True
Is 221461 composite?
False
Is 185510191 composite?
False
Is 8332043 a prime number?
True
Is 269301997 a composite number?
False
Is 166267 a prime number?
False
Is 205449353 composite?
False
Is 6614651 prime?
True
Is 527559557 a prime number?
False
Is 1288403 a prime number?
False
Is 24233593 a composite number?
True
Is 6472643 a composite number?
False
Is 254893559 composite?
True
Is 19370917 a composite number?
True
Is 17635301 a composite number?
False
Is 1069994741 a prime number?
True
Is 151301509 prime?
False
Is 2493327 a prime number?
False
Is 8906303 a prime number?
False
Is 29041 a composite number?
True
Is 20939459 prime?
True
Is 786931 a composite number?
False
Is 3217121 a prime number?
True
Is 6902627 composite?
False
Is 1052851 a prime number?
True
Is 51482107 prime?
True
Is 19943831 prime?
True
Is 4034747 a composite number?
False
Is 4645777 a composite number?
True
Is 3901619 a composite number?
True
Is 18603269 composite?
False
Is 940067 composite?
False
Is 3506143 a composite number?
True
Is 334366313 a composite number?
True
Is 73198429 a prime number?
True
Is 190745 a composite number?
True
Is 24812633 composite?
True
Is 6593879 composite?
True
Is 49000631 prime?
True
Is 61486567 composite?
True
Is 247939 composite?
False
Is 893797 a prime number?
True
Is 22396099 a composite number?
True
Is 20832629 a prime number?
True
Is 22833971 prime?
True
Is 6807061 composite?
False
Is 22313491 composite?
False
Is 439863605 prime?
False
Is 168301577 a composite number?
False
Is 528045233 a prime number?
False
Is 72339217 composite?
False
Is 2277727 a composite number?
False
Is 1843333 a prime number?
False
Is 2694239 prime?
True
Is 4420373 composite?
False
Is 4168499 prime?
False
Is 1348261 a composite number?
True
Is 190209629 prime?
False
Is 124871195 composite?
True
Is 2951159 composite?
False
Is 23862257 prime?
True
Is 15843173 prime?
True
Is 5151253 a composite number?
False
Is 856447 a composite number?
True
Is 348391447 a prime number?
True
Is 22918897 a prime number?
True
Is 126294787 composite?
False
Is 797137169 composite?
False
Is 17662921 prime?
True
Is 2058809 a composite number?
False
Is 18610211 composite?
False
Is 28921343 prime?
False
Is 12129017 a prime number?
True
Is 1551157 composite?
False
Is 255466703 composite?
False
Is 1540069 prime?
False
Is 6719893 prime?
True
Is 152278679 a prime number?
False
Is 1267223 prime?
True
Is 2135141 a prime number?
True
Is 7017163 a composite number?
False
Is 1434169 composite?
True
Is 2945309 a composite number?
False
Is 12511181 a composite number?
True
Is 786878819 a composite number?
True
Is 42270167 a composite number?
False
Is 3740323 a composite number?
True
Is 987451 prime?
False
Is 104966567 prime?
True
Is 552883 prime?
True
Is 120966953 composite?
False
Is 277573 composite?
True
Is 287229241 composite?
True
Is 3690398 composite?
True
Is 5393621 a prime number?
False
Is 758029 prime?
True
Is 5903161 a composite number?
True
Is 2280466 a composite number?
True
Is 161075669 a prime number?
True
Is 37675513 a prime number?
False
Is 26961943 prime?
True
Is 14982001 prime?
False
Is 87977947 a composite number?
True
Is 38472257 composite?
True
Is 6411011 prime?
True
Is 64481663 a prime number?
False
Is 2149853 a composite number?
False
Is 127278997 prime?
True
Is 25842241 a composite number?
True
Is 381417161 prime?
True
Is 140117 a composite number?
True
Is 688829 composite?
True
Is 591886679 prime?
False
Is 71569 composite?
False
Is 32716897 a composite number?
False
Is 32859329 a prime number?
True
Is 25695919 a prime number?
True
Is 152037541 a prime number?
True
Is 1260612987 a composite number?
True
Is 63020297 a prime number?
True
Is 131612951 a composite number?
True
Is 4913999 a composite number?
False
Is 13591 composite?
False
Is 16361519 prime?
True
Is 2382703 prime?
False
Is 42073117 composite?
False
Is 24136963 a composite number?
False
Is 532073 prime?
False
Is 14175227 composite?
True
Is 612811567 composite?
True
Is 2595347 composite?
True
Is 1454587 a composite number?
False
Is 65867 a prime number?
True
Is 47100731 composite?
True
Is 13928329 prime?
True
Is 6077002 a composite number?
True
Is 38110799 a composite number?
False
Is 3232393 composite?
False
Is 2690137 a prime number?
True
Is 480707 a prime number?
True
Is 14488169 a prime number?
False
Is 13360133 composite?
True
Is 134489741 a composite number?
False
Is 158867021 prime?
True
Is 32638171 composite?
True
Is 32925611 a prime number?
False
Is 8609411 prime?
True
Is 1107611 a prime number?
False
Is 33404401 composite?
False
Is 1192011 composite?
True
Is 2678755 composite?
True
Is 19725527 composite?
False
Is 1631509511 a prime number?
True
Is 117457534 a composite number?
True
Is 3298639 a prime number?
True
Is 35172815 prime?
False
Is 4024091 composite?
False
Is 946277 a prime number?
False
Is 188888383 composite?
False
Is 114829307 a prime number?
False
Is 2915345 prime?
False
Is 415154521 composite?
True
Is 1263461 a prime number?
True
Is 19188941 a prime number?
True
Is 43047497 a prime number?
True
Is 1821233 a prime number?
True
Is 3315847 a prime number?
False
Is 4426418 a prime number?
False
Is 3198077 a composite number?
True
Is 4283123 a composite number?
True
Is 188553 a composite number?
True
Is 7314247 prime?
False
Is 2289349 composite?
False
Is 30145783 a composite number?
True
Is 841466242 a composite number?
True
Is 5136977 composite?
False
Is 2322185 a prime number?
False
Is 8517517 prime?
True
Is 12323473 composite?
True
Is 2221379 prime?
True
Is 3725503 a prime number?
True
Is 113908031 composite?
False
Is 7299917 a composite number?
True
Is 78044917 composite?
False
Is 98574559 a prime number?
True
Is 8555539 a composite number?
True
Is 14785987 a prime number?
False
Is 172518311 composite?
True
Is 1104295 composite?
True
Is 31859437 a prime number?
False
Is 7638143 a prime number?
True
Is 225618